reatest common divisor of h and m?
20
Let r(x) = x - 11*x - 7 + 0*x + x - x**3 - 8*x**2. Let o be r(-7). Let w = 99 + -64. Calculate the highest common factor of o and w.
7
Let j = 8 + -2. Suppose -3*d - 45 = -j*d. Calculate the greatest common factor of d and 6.
3
Let u = 24 + 30. Let c = 9 + -3. What is the highest common factor of u and c?
6
Suppose 0 = 2*g - 13 - 29. Let r = g - 11. What is the greatest common factor of 30 and r?
10
Suppose -15 = -n + 3*k, -3*n + 22 = -4*k - 3. Suppose 5*a - n*t - 590 = 2*t, 0 = -2*a + 4*t + 232. What is the highest common factor of a and 48?
24
Let n be (-24)/56 - (-115)/7. What is the greatest common divisor of n and 112?
16
Let a be (2 + (-51)/9)*-12. Suppose -n + 36 = n - 5*p, -3*p = -4*n + a. What is the highest common divisor of 8 and n?
8
Suppose -i = -49 - 72. Calculate the greatest common divisor of i and 11.
11
Suppose 3*d - 5*l = -179, -2*l = -4*d + 2*l - 252. Let u = -36 - d. Suppose 0*n + 12 = 3*n. What is the greatest common factor of u and n?
4
Suppose -4*h - 3*t = -57, -2*h - 4*t = 3*h - 70. Calculate the highest common divisor of 144 and h.
18
Let f be 2/24*2 + 502/12. What is the greatest common factor of 70 and f?
14
Let o = -67 + 77. What is the greatest common factor of 2 and o?
2
Suppose 0 = 2*m - 0*m. Suppose 4*w - 15 - 21 = m. Calculate the greatest common divisor of 99 and w.
9
Let v = 13 - 11. Calculate the greatest common factor of 16 and v.
2
Let s be (16/10)/(4/10). Suppose -x + 11 = y, 0 = s*x - 5*y - 5 - 3. What is the highest common factor of x and 56?
7
Suppose 21 = 2*x - 9. What is the highest common factor of 120 and x?
15
Let o(p) = p**2 - p - 5. Let a be o(-10). What is the greatest common divisor of a and 21?
21
Suppose 7*b - 156 = 3*b. What is the highest common factor of b and 13?
13
Let t = -261 - -482. Calculate the highest common divisor of t and 17.
17
Let y(b) = -b + 3. Let r be y(4). Let l be r/(2 + -3) - -24. What is the greatest common factor of l and 10?
5
Let l be (2 + -1)/((-3)/(-681)). Let x = l + -147. What is the highest common factor of 16 and x?
16
Let p be (2 - (-4)/(-3))*15. Let r(z) = -z**2 - 6*z + 5. Let x be r(-5). Calculate the greatest common divisor of x and p.
10
Let u = 9 - -3. Suppose 0 = a + 3*a - u. What is the greatest common divisor of a and 21?
3
Suppose 0 = -13*w - 45 + 721. Calculate the greatest common divisor of 8 and w.
4
Let l be 1/(-4) + 18/8. Suppose 25 = -5*f, 5*m = l*f - f + 45. Suppose 7*k - 96 = 3*k. What is the highest common divisor of k and m?
8
Let o = 130 + 0. What is the highest common factor of 26 and o?
26
Let k be 5/(-2)*4/(-2). Suppose -5 = -k*s + 35. Calculate the highest common divisor of 32 and s.
8
Let y = -54 - -69. Suppose -i + 0*i = -165. Calculate the highest common factor of y and i.
15
Let i(p) = -p - 1. Let f be i(-4). Suppose -f*g = -51 + 3. Calculate the highest common divisor of g and 8.
8
Let i be (0 - -12)/(18/27). Calculate the highest common divisor of i and 162.
18
Let f be 1/8*2 + 71/4. Calculate the greatest common divisor of f and 6.
6
Let d(c) = -c**3 - 10*c**2 - 8*c + 9. Let j be d(-9). Suppose 3*w + 2 = 4*w. Let l be w + 5 - j/(-1). What is the greatest common divisor of l and 28?
7
Suppose 14 = 2*v - f + 6*f, -2*f = 5*v - 77. Let u = 115 + -81. Calculate the highest common divisor of v and u.
17
Let f be 30446/14 - (-6)/21. Let z be ((-2)/(-5))/(3/f). Suppose 2*i + 119 = 4*i - 3*g, 5*g + z = 5*i. Calculate the highest common factor of 11 and i.
11
Let n be 4/6 + 62/6. Let i be (12/10)/((-14)/(-385)). What is the greatest common factor of n and i?
11
Suppose 5*x - r - 50 = 0, 2*r - 15 + 43 = 2*x. Calculate the greatest common factor of x and 81.
9
Suppose -5*q = -3*h - 10, 2*h + 9 + 2 = -q. Let l be (-2)/(2/3*q). Calculate the greatest common factor of 6 and l.
3
Suppose -4*x = 4*k - 20, -2*k + 0 = 4*x - 16. What is the greatest common divisor of 33 and x?
3
Suppose 3 = v - 4. Suppose 4*z + v = 27. Suppose -122 - 18 = -z*t. Calculate the greatest common divisor of t and 14.
14
Let y be (-4)/6 - 14/6. Let n be (-524)/(-18)*3*y. Let l be (-4)/(-22) - n/11. Calculate the greatest common factor of l and 8.
8
Let i(g) = g**3 - 4*g**2 - 4*g + 4. Let m be i(5). Let h = -75 - -111. What is the highest common factor of h and m?
9
Suppose -m - v = -7, -2*m = m + 5*v - 31. Suppose -2*z + 0*z + 4 = 0. Calculate the greatest common divisor of z and m.
2
Let d = 51 - 12. Suppose -4*i - l = -77, d = 5*i - 4*l - 31. Let r = -28 + 55. What is the greatest common factor of r and i?
9
Suppose 3*c = 4*i - c - 76, -4*i - 5*c = -67. Calculate the highest common divisor of 6 and i.
6
Suppose 44 = -5*j + 3*l - l, 4*l - 28 = 4*j. Let o = 26 + j. What is the greatest common factor of 128 and o?
16
Let k be 3/(6/(-4)) - -17. Suppose -2*f = -f + 3*b - 12, 5*b = 15. Suppose -f*d = -8*d + 150. What is the greatest common factor of d and k?
15
Suppose -r + 66 = r. What is the greatest common factor of 132 and r?
33
Let r be (-2)/(-3)*(-4 - 2). Let b be r/((4/(-2))/20). Suppose 0 = -3*p - 3*k, -3*p + 5*k = -0*k - b. Calculate the highest common divisor of p and 5.
5
Let w = -94 + 229. Let g = -3 - -3. Let f be 1*-2 + g - -17. What is the greatest common divisor of f and w?
15
Let s = 60 - -35. Let j = s - 61. Let a be 85/(3/1 + -2). What is the greatest common divisor of a and j?
17
Let l = -7 - -12. Let n(b) = 55*b**2. Let c be n(1). What is the highest common factor of c and l?
5
Let a = 4 - 2. Suppose 4 - a = y. Suppose -2*i - y*i = -264. What is the greatest common divisor of i and 6?
6
Let b(l) = 3*l**2 + 4*l + 1. Let o be b(-3). Suppose -g + 6*g - 10060 = 0. Let q be (-4)/(-14) + g/14. What is the greatest common factor of q and o?
16
Suppose -p = 2*p - 12. Let q = p + 10. Suppose a - q = -0*a. Calculate the greatest common factor of a and 14.
14
Let b(c) = -4*c**3 - 2*c**2 + c + 2. Let y(m) = -2*m + 2. Let d be y(2). Let q be b(d). Calculate the highest common factor of q and 12.
12
Suppose l + 2*w - w = 7, 3*l = 5*w + 13. Let h be 4/3 + 4/l. Suppose 0 = 3*r - h*z - 62, 3*r = 7*r - z - 86. What is the highest common factor of r and 11?
11
Suppose -2*p + 42 = 2*a, 3*p + 1 - 52 = a. Suppose -3*v + 0*v + 5*f = -39, 3*v + 2*f = p. What is the greatest common divisor of 72 and v?
8
Let x(b) = 21*b - 6. Let d be x(4). Suppose -7*h + 9*h + 3*c = 32, -4*h + c + d = 0. What is the highest common factor of h and 76?
19
Let m(d) = d**3 - 2*d. Let j be m(-2). Let o = -1 - j. Suppose -o*y + 81 = -0*y. Calculate the greatest common divisor of 18 and y.
9
Let c(t) be the third derivative of -t**6/120 - t**5/12 + t**4/4 + 5*t**3/6 - 2*t**2. Let z be c(-6). Calculate the highest common divisor of z and 5.
5
Let a(b) = -3*b - 1. Let k be a(3). Let p = k - -18. Let v = 50 + -42. Calculate the greatest common divisor of v and p.
8
Let c(j) = -2*j**3. Let y be c(-2). Suppose -4*a = -5*z - 11, 4*a - 2*z = a + 10. Suppose 16 = 5*s - a. What is the greatest common divisor of s and y?
4
Suppose -a = -i + 18, 3*i + 3*a - 19 = -a. Suppose 18*o - 21*o = -156. What is the greatest common divisor of o and i?
13
Suppose -4*w = w. Suppose 12 = 4*m - w*m. Suppose -b + 11 = m. What is the greatest common factor of 40 and b?
8
Let k be 3/((-3)/(-4)) + -1. Suppose -k = -j + 1. What is the greatest common factor of j and 32?
4
Let p be (-1)/(-1) + 104 + -9. Suppose 5*a = a + p. Calculate the highest common factor of 36 and a.
12
Let v = -1 - -9. Suppose 3*l = 3*u + 3, -3*u + l = 2*l - 17. Calculate the highest common divisor of u and v.
4
Suppose -5*z + 0*b + 24 = -b, -4*z + 25 = 5*b. Suppose -4*g = z*k - 0*k - 102, -3 = -k + 5*g. Calculate the highest common factor of k and 90.
18
Suppose -5*a + 47 = -3*m, -2*a - 3*a + 4*m = -46. Suppose a = q - 4. What is the greatest common divisor of q and 70?
14
Let w be (-1 + 1)/((-1)/(-1)). Suppose 0 = -d - 4*o + 118, -5*d - 2*o + o + 647 = w. Let l be 26*((-3)/(-2))/3. What is the highest common factor of d and l?
13
Suppose 0 = -0*s - 2*s + 28. Let v be (15/(-2))/((-7)/s). Let g(p) = -10*p - 5. Let j be g(-5). What is the greatest common divisor of v and j?
15
Let n(v) = 2*v + 27. Let u be n(11). What is the greatest common divisor of 7 and u?
7
Suppose 28 = 4*w - 4*b, 0 = -5*w + 3*b + b + 37. Let q be 